se 9?
-2
Convert 331 (base 6) to base 11.
106
14 (base 10) to base 9
15
What is -3 (base 4) in base 16?
-3
Convert 101 (base 8) to base 9.
72
Convert 10 (base 4) to base 7.
4
What is -1133 (base 5) in base 12?
-120
Convert -3 (base 16) to base 14.
-3
What is -41 (base 5) in base 4?
-111
What is 0 (base 9) in base 2?
0
Convert -7 (base 10) to base 9.
-7
What is 31 (base 6) in base 12?
17
136 (base 7) to base 5
301
Convert -111 (base 4) to base 2.
-10101
What is 10 (base 3) in base 13?
3
What is 0 (base 5) in base 2?
0
What is 3 (base 5) in base 2?
11
What is -12 (base 7) in base 10?
-9
-4 (base 7) to base 6
-4
-21 (base 3) to base 10
-7
-40 (base 14) to base 6
-132
3a (base 14) to base 5
202
-111 (base 2) to base 7
-10
Convert -10 (base 11) to base 5.
-21
2 (base 14) to base 12
2
Convert 8 (base 15) to base 5.
13
What is -1000011 (base 2) in base 15?
-47
100011 (base 2) to base 12
2b
What is -290 (base 11) in base 16?
-155
What is -57 (base 8) in base 7?
-65
-1 (base 3) to base 6
-1
11000 (base 2) to base 10
24
15 (base 12) to base 9
18
Convert 3 (base 6) to base 5.
3
Convert 2 (base 15) to base 10.
2
Convert -25 (base 6) to base 11.
-16
Convert 53 (base 9) to base 13.
39
What is -1101 (base 2) in base 6?
-21
What is 7 (base 11) in base 15?
7
Convert -3 (base 14) to base 4.
-3
What is -11 (base 6) in base 12?
-7
Convert 0 (base 11) to base 12.
0
What is 10 (base 4) in base 10?
4
What is -1a1 (base 11) in base 7?
-451
What is -27 (base 16) in base 12?
-33
Convert 341 (base 6) to base 2.
10000101
Convert 33 (base 4) to base 9.
16
Convert -1 (base 6) to base 4.
-1
What is 25 (base 6) in base 9?
18
What is -d (base 16) in base 15?
-d
3 (base 13) to base 2
11
-b (base 13) to base 16
-b
Convert -149 (base 13) to base 6.
-1022
What is -4 (base 5) in base 15?
-4
Convert -15 (base 10) to base 11.
-14
What is a (base 11) in base 13?
a
What is 50 (base 6) in base 5?
110
-210 (base 7) to base 8
-151
Convert -456 (base 7) to base 5.
-1422
-10 (base 16) to base 15
-11
What is 7 (base 10) in base 8?
7
Convert 5 (base 10) to base 12.
5
Convert 22 (base 12) to base 9.
28
1 (base 9) to base 15
1
Convert -131 (base 8) to base 9.
-108
What is 9 (base 13) in base 2?
1001
What is 2 (base 11) in base 7?
2
Convert -15 (base 16) to base 10.
-21
4 (base 16) to base 4
10
What is -5 (base 9) in base 2?
-101
What is 15 (base 7) in base 10?
12
What is -29 (base 11) in base 3?
-1011
What is -1 (base 16) in base 5?
-1
-26 (base 16) to base 13
-2c
What is 1 (base 12) in base 7?
1
What is 2232 (base 4) in base 5?
1144
Convert 56 (base 8) to base 2.
101110
What is -8d (base 16) in base 8?
-215
Convert -1 (base 10) to base 8.
-1
Convert 1 (base 12) to base 4.
1
What is 38 (base 15) in base 6?
125
What is 2031 (base 4) in base 12?
b9
-55 (base 8) to base 5
-140
What is -1 (base 9) in base 8?
-1
Convert 122 (base 11) to base 3.
12101
-3 (base 7) to base 13
-3
What is -1 (base 15) in base 7?
-1
Convert 4 (base 10) to base 6.
4
-4 (base 9) to base 8
-4
15 (base 13) to base 4
102
-9 (base 11) to base 12
-9
What is 0 (base 13) in base 6?
0
11 (base 7) to base 14
8
Convert 3 (base 8) to base 4.
3
102 (base 4) to base 9
20
What is 2 (base 15) in base 12?
2
Convert 3 (base 4) to base 2.
11
Convert -1112 (base 3) to base 10.
-41
Convert -87 (base 9) to base 5.
-304
What is a (base 14) in base 9?
11
32 (base 5) to base 8
21
What is 110 (base 2) in base 3?
20
Convert -100 (base 2) to base 3.
-11
61 (base 10) to base 4
331
40 (base 11) to base 4
230
-110 (base 2) to base 15
-6
What is -2 (base 11) in base 5?
-2
Convert -6 (base 7) to base 11.
-6
What is -20 (base 4) in base 10?
-8
6 (base 14) to base 3
20
Convert -59 (base 12) to base 14.
-4d
Convert 2 (base 14) to base 6.
2
Convert -4 (base 14) to base 11.
-4
Convert -b (base 13) to base 8.
-13
Convert 12 (base 3) to base 15.
5
What is 19 (base 11) in base 12?
18
What is 320 (base 4) in base 7?
110
What is 5 (base 11) in base 14?
5
What is -162 (base 7) in base 13?
-72
Convert -11 (base 2) to base 3.
-10
-2 (base 6) to base 9
-2
Convert 1 (base 5) to base 11.
1
47 (base 11) to base 5
201
What is -1102 (base 3) in base 7?
-53
What is -3 (base 5) in base 9?
-3
Convert -8 (base 16) to base 6.
-12
-102 (base 4) to base 12
-16
What is -602 (base 7) in base 15?
-14b
Convert -13 (base 12) to base 16.
-f
What is -41 (base 7) in base 13?
-23
-6 (base 7) to base 3
-20
Convert 1 (base 10) to base 13.
1
What is -7 (base 14) in base 3?
-21
102 (base 5) to base 2
11011
Convert -4 (base 16) to base 3.
-11
c (base 14) to base 5
22
Convert 0 (base 3) to base 10.
0
Convert 3 (base 5) to base 10.
3
What is 1202 (base 5) in base 6?
453
Convert 4 (base 16) to base 2.
100
Convert -12 (base 16) to base 10.
-18
What is 1021 (base 4) in base 16?
49
Convert 0 (base 4) to base 13.
0
What is 304 (base 6) in base 2?
1110000
What is -99 (base 11) in base 15?
-73
Convert 1 (base 9) to base 12.
1
What is -2a (base 12) in base 2?
-100010
-4 (base 5) to base 6
-4
Convert -12 (base 10) to base 5.
-22
-2 (base 16) to base 6
-2
-22 (base 15) to base 16
-20
-332 (base 4) to base 5
-222
What is 12 (base 6) in base 14?
8
Convert -2b (base 14) to base 6.
-103
What is -2b (base 16) in base 3?
-1121
What is 2 (base 15) in base 7?
2
What is 1 (base 13) in base 5?
1
Convert 1 (base 11) to base 15.
1
What is 60 (base 14) in base 2?
1010100
-2a (base 11) to base 13
-26
-201 (base 7) to base 13
-78
Convert -17 (base 13) to base 7.
-26
What is -156 (base 9) in base 13?
-a2
-10 (base 10) to base 3
-101
Convert 2 (base 12) to base 14.
2
What is 13 (base 7) in base 12?
a
Convert 76 (base 16) to base 6.
314
Convert 10 (base 2) to base 4.
2
Convert -1 (base 7) to base 2.
-1
-a8 (base 11) to base 8
-166
Convert -38 (base 14) to base 12.
-42
Convert -1035 (base 6) to base 12.
-17b
What is 1 (base 12) in base 11?
1
Convert -58 (base 12) to base 2.
-1000100
Convert -5 (base 16) to base 6.
-5
What is -121 (base 14) in base 2?
-11100001
1 (base 14) to base 8
1
10 (base 10) to base 8
12
-21 (base 4) to base 14
-9
-7 (base 10) to base 7
-10
What is -41 (base 9) in base 4?
-211
-111000 (base 2) to base 4
-320
-147 (base 9) to base 6
-324
Convert 110 (base 11) to base 4.
2010
Convert -16 (base 7) to base 9.
-14
What is 3 (base 16) in base 6?
3
7 (base 15) to base 5
12
Convert -25 (base 9) to base 10.
-23
7a (base 11) to base 12
73
4 (base 8) to base 10
4
What is 19 (base 15) in base 10?
24
-14 (base 9) to base 7
-16
-433 (base 5) to base 10
-118
Convert -2 (base 10) to base 15.
-2
-2a (base 12) to base 9
-37
3 (base 11) to base 16
3
-63 (base 7) to base 8
-55
What is 8 (base 16) in base 3?
22
What is 13 (base 13) in base 4?
100
-3 (base 15) to base 16
-3
Convert -3 (base 6) to base 10.
-3
What is 14 (base 12) in base 6?
24
-1 (base 14) to base 11
-1
What is 1 (base 13) in base 5?
1
1 (base 5) to base 12
1
Convert 11011 (base 2) to base 13.
21
-48 (base 11) to base 7
-103
Convert -e (base 15) to base 7.
-20
41 (base 12) to base 16
31
-183 (base 9) to base 4
-2130
What is 440 (base 6) in base 15?
b3
3 (base 15) to base 4
3
What is 117 (base 10) in base 5?
432
Convert 265 (base 7) to base 5.
1040
Convert 100 (base 6) to base 9.
40
What is 11 (base 10) in base 9?
12
Convert -42 (base 6) to base 5.
-101
What is -16b (base 12) in base 9?
-272
What is 10 (base 5) in base 7?
5
What is e (base 16) in base 10?
14
323 (base 6) to base 16
7b
What is 52 (base 9) in base 7?
65
-130 (base 15) to base 6
-1130
250 (base 7) to base 3
11221
What is -4 (base 6) in base 15?
-4
Convert 211 (base 7) to base 4.
1222
Convert -1a (base 13) to base 15.
-18
-83 (base 10) to base 5
-313
Convert -2 (base 14) to base 15.
-2
8 (base 15) to base 13
8
What is -2 (base 16) in base 8?
-2
What is -32 (base 4) in base 5?
-24
What is 325 (base 8) in base 15?
e3
Convert -6 (base 14) to base 7.
-6
Convert 4 (base 8) to base 2.
100
What is -2 (base 9) in base 4?
-2
What is 2 (base 3) in base 16?
2
1 (base 12) to base 10
1
20 (base 16) to base 5
112
Convert 3 (base 8) to base 11.
3
Convert 52 (base 10) to base 14.
3a
-31 (base 7) to base 13
-19
What is -35 (base 15) in base 14?
-38
Convert -59 (base 10) to base 8.
-73
-13 (base 16) to base 8
-23
Convert -8 (base 12) to base 10.
-8
What is 3 (base 9) in base 12?
3
Convert 66 (base 15) to base